31
Suppose 90*n - 102*n = -684. What is the greatest common divisor of 2451 and n?
57
Suppose 15 = 3*l, t = 5*l - 2*l + 233. Calculate the greatest common factor of 4 and t.
4
Let s(x) = -x**2 + 13*x - 10. Let u be s(12). Suppose 2*q = 2*h - 56, -131 = -u*h - 4*q - 45. What is the greatest common factor of 11 and h?
11
Suppose 0*l = 4*l - 180. What is the highest common divisor of l and 210?
15
Let w be ((-45)/18)/((-2)/4). Suppose 69 = -w*z - 11. Let a = z + 26. What is the greatest common factor of a and 30?
10
Suppose -2*g = -a - 3447, -2*g - 5*a = -3658 + 193. What is the greatest common divisor of g and 75?
75
Let j(z) = -2*z**2 - 7*z - 1. Let v be j(-3). Suppose -2*n - v*o + 15 = -15, 3*o = -4*n + 56. What is the highest common divisor of 99 and n?
11
Let g = 1227 - 1031. What is the highest common divisor of 112 and g?
28
Let x = -736 + 1450. Calculate the greatest common divisor of x and 204.
102
Let q(r) = 42*r**2 + 5*r - 8. Let b be q(2). What is the highest common factor of b and 10?
10
Suppose h - 1 = 1. Let j be 32 - ((-6)/(-3) - h). Suppose 26*x - 240 = 11*x. What is the highest common factor of j and x?
16
Suppose 15 = 5*u - 0*u. Suppose 0 = u*m + 5 - 95. Let s = 146 - -4. What is the greatest common factor of m and s?
30
Let t(k) = 204*k + 2 - 1 + 0 - 69*k. Let a be t(-1). Let l = -74 - a. Calculate the highest common divisor of 12 and l.
12
Let m = 19 - 16. Let j be 2 + 0 - (-2 + m). Let d be (0 - j)*(0 + -18). What is the highest common divisor of d and 36?
18
Suppose 3*w + 9 = 0, 4*k - w - 99 = -0*w. Let n(j) = -2*j**2 - 1. Let c be n(-1). Let d be 13 + 1/(c + 2). Calculate the highest common factor of d and k.
12
Let f = -364 + 379. Suppose -9 = -z - 4. Calculate the highest common divisor of z and f.
5
Suppose -14*u - 84 = -21*u. Let v = 10 - 4. Let c be u/v - (-83 - 0). What is the highest common factor of 17 and c?
17
Let g(p) = p**3 + 3*p**2 - 11*p - 3. Let q be g(-5). What is the greatest common factor of 26 and q?
2
Let w(c) = -4*c - 83. Let b be w(-24). Calculate the highest common factor of b and 247.
13
Let x be (-2)/1*(-4)/8. Let u = x + 0. Let l be (-848)/(-104) - 10/65. What is the greatest common factor of u and l?
1
Suppose 23*m - 21*m - 1118 = 0. What is the greatest common factor of m and 43?
43
Let i be 3/(2/(-4)*36/(-426)). Suppose -4*w + 24 = -x, 5*x + 16 = -5*w + i. Calculate the highest common factor of 28 and w.
7
Let n = -106 - -151. Let o = -54 + 84. Calculate the highest common factor of n and o.
15
Suppose 4*r - 3*r - 2*f - 262 = 0, 826 = 3*r + 4*f. Calculate the greatest common factor of 20 and r.
10
Suppose 161 + 62 = 3*p + 2*c, -2*c = -5*p + 361. Let t = p - -39. Let u = -111 + 139. Calculate the highest common divisor of u and t.
28
Suppose 2*w + 458 - 460 = 0. Calculate the highest common divisor of 8 and w.
1
Suppose 8*i - 51 + 11 = 0. Suppose 79 = i*s - 11. What is the highest common divisor of 18 and s?
18
Let h(a) = -5*a + 23. Let q be h(4). Let n be (18/(-45))/(q/(-105)). What is the greatest common factor of 21 and n?
7
Let b(a) = a**2 - 4*a + 5. Let x be b(7). Calculate the greatest common factor of 364 and x.
26
Suppose 3*x + 0 = 3. Suppose 36 = -6*w + 12*w. Suppose 5*z = 4*y - 28, 5*y = -4*z + w*z + 35. What is the highest common divisor of x and y?
1
Suppose 0 = b - 2*q - 49, 2*q - 7*q = b - 70. Calculate the highest common factor of 44 and b.
11
Let b(a) = -3*a - 4. Let l be b(-2). Suppose -4*w + 31 = l*v - v, 4*w - 5*v - 61 = 0. Calculate the greatest common divisor of w and 9.
9
Let z be 53 + (3/(-2 + 1))/(-1). Let v = z + -50. Calculate the greatest common divisor of 15 and v.
3
Let n(k) = 473*k**2 + 9*k + 1. Let f be n(1). Calculate the highest common factor of 69 and f.
69
Let p = 8 - 4. Suppose -p*x - x = -15. Let q(h) = 8*h**2 + 2*h - 2. Let g be q(x). What is the greatest common factor of 19 and g?
19
Let x(j) = 2*j - 2. Let h be x(5). Suppose 5*o - 8*c + 4*c = 84, -h = -o + 3*c. Calculate the greatest common divisor of 8 and o.
4
Let t be ((-176)/56 - -4)/((-1)/(-7)). Calculate the greatest common divisor of t and 42.
6
Let a(h) = 9*h + 7. Let y be a(-8). Let m(d) = -2*d + 7. Let v be m(8). Let f = v - y. Calculate the greatest common factor of f and 7.
7
Let a(c) = 97*c + 312. Let r be a(-3). Calculate the greatest common factor of r and 15.
3
Suppose 4*u - 7*u + 372 = 0. Let t = u - 99. What is the greatest common factor of t and 225?
25
Let d be (-546)/10 + 4/(-10). Let c = -139 + 141. Let s be d*5/((-25)/c). Calculate the greatest common divisor of 33 and s.
11
Suppose 5 = m + 6. Let j be m/(-2) - 43/(-2). Suppose -4*u - 679 = -4*s - 59, -313 = -2*s + 5*u. Calculate the greatest common factor of s and j.
22
Suppose 0 = 30*x - 232 - 68. Let y = 81 - 51. What is the greatest common divisor of y and x?
10
Suppose -378 + 7 = -7*r. Calculate the greatest common factor of r and 212.
53
Suppose 2*p = -0*p + 24. What is the highest common divisor of p and 216?
12
Let n(m) = 3*m**2 + 73*m + 26. Let u be n(-24). Let c = 10 + -4. Calculate the highest common divisor of u and c.
2
Suppose -p + 5 = -51. Suppose 4*r - 315 = 3*g, -p = -r - g + 14. What is the highest common factor of 15 and r?
15
Suppose 68 + 596 = -8*o. Let x be o/(-9) + 30/(-135). Calculate the highest common divisor of 63 and x.
9
Suppose 315 = 2*a - 105. What is the highest common divisor of a and 168?
42
Suppose 15*k = 49*k - 49708. What is the greatest common factor of 68 and k?
34
Let y(v) = 2*v**2 + 2*v + 9. Let c be y(-9). Let d = 75 - c. Let j be (d/65)/(2/(-55)). What is the highest common factor of j and 22?
11
Let y be ((-6762)/115)/(4/(-10)). What is the highest common factor of y and 105?
21
Suppose 2*y - 35 = 1. Let n = 303 - 141. Calculate the highest common divisor of n and y.
18
Suppose 3*j + 17 = 14, -4*h + 57 = -5*j. What is the greatest common divisor of 39 and h?
13
Let w(s) = 3*s**2 - 2*s - 5. Suppose 8*u = 10*u + 4. Let q be w(u). Calculate the highest common factor of 44 and q.
11
Let i(n) = 3*n**3 + 2*n**2 + 2*n - 3. Let q be i(1). Let v(y) = -30*y + 2. Let m be v(-1). Calculate the highest common divisor of m and q.
4
Suppose -2*w + 129 = 3*j - 25, j - 38 = 2*w. Calculate the greatest common divisor of 132 and j.
12
Suppose -11 = -k + 9. Calculate the highest common factor of k and 80.
20
Suppose 6*h = 7*h - 30. Suppose -5*n + h = 2*b, -3*n + n = -b + 15. Let w = 17 - b. What is the greatest common factor of 3 and w?
1
Let u(z) = z**3 + 19*z**2 - 46*z - 44. Let q be u(-21). Let m(s) = 16*s + 8. Let c be m(7). What is the greatest common factor of q and c?
40
Let i = -33 - -37. Let o(r) = -15*r**2 + i + 11*r - 2 + 14*r**2. Let k be o(11). Calculate the greatest common factor of k and 10.
2
Let d(a) be the second derivative of -3*a - 11*a**5 + 1/6*a**3 + 1/12*a**4 + 0 + 0*a**2. Let g be d(-1). Calculate the greatest common factor of g and 20.
20
Suppose -y = -c + y, 4*c = y. Suppose c = -3*a - 5*i + 49, 0 = -2*a + 8*i - 3*i + 66. What is the greatest common factor of 161 and a?
23
Suppose -3*f - 23 = 5*a, 5*f + 0*a - 7 = 3*a. Let h be (-1 - f - 1)/(10/(-600)). What is the greatest common factor of h and 150?
30
Let x = 2158 + -2128. What is the greatest common divisor of 1410 and x?
30
Suppose 21*f - 26*f = -3*i - 134, -4*f = 2*i - 116. Let b = 15 + -8. Calculate the greatest common divisor of f and b.
7
Suppose -5*c + 19 + 0 = 4*x, -5*x = 2*c - 28. Suppose -4*f + x*f - 108 = 0. Calculate the greatest common divisor of f and 135.
27
Let z = -20 + 25. Suppose -5*b = -7*x + 3*x + 111, 144 = z*x - b. Calculate the highest common divisor of x and 29.
29
Let t be 8/(-10)*(-105)/(-6). Let c be 48/21 - t/(-49). What is the highest common divisor of 2 and c?
2
Let k(t) = t + 2. Suppose -4*l - 10 = 2*r, -5*r + 3*l - 25 = -l. Let w be k(r). Let d = w + 14. What is the greatest common divisor of d and 55?
11
Let l(d) = 8*d + 136. Let m be l(28). What is the highest common factor of 45 and m?
45
Suppose 4*i - 9 = 23. Let y(j) = -j**3 + 8*j**2 - j + 4. Let a be y(i). Let l be (-10)/5*90/a. What is the greatest common factor of l and 5?
5
Let o be 114/(-4)*-8 - 498/(-83). What is the highest common divisor of o and 585?
117
Let b = -14 + 27. Suppose 0 = b*f - 9*f - 20. Suppose 0*h = -5*h + 50. What is